 7, 13, 167
List the prime factors of 79882.
2, 11, 3631
What are the prime factors of 622743?
3, 11, 113, 167
What are the prime factors of 22834852?
2, 199, 28687
List the prime factors of 8117092.
2, 17, 79, 1511
List the prime factors of 652695.
3, 5, 53, 821
What are the prime factors of 5433294?
2, 3, 47, 19267
What are the prime factors of 5659475?
5, 226379
List the prime factors of 161172.
2, 3, 11, 37
What are the prime factors of 47508?
2, 3, 37, 107
What are the prime factors of 1641706?
2, 11, 74623
List the prime factors of 2671995.
3, 5, 53, 3361
List the prime factors of 1679842.
2, 839921
What are the prime factors of 10543484?
2, 7, 61, 6173
What are the prime factors of 1766954?
2, 7, 126211
What are the prime factors of 56757?
3, 18919
What are the prime factors of 10623487?
7, 17, 89273
What are the prime factors of 14522057?
11, 120017
What are the prime factors of 166327?
7, 23761
List the prime factors of 214079.
97, 2207
What are the prime factors of 1552553?
1552553
What are the prime factors of 309417?
3, 17, 6067
List the prime factors of 2551990.
2, 5, 7, 36457
What are the prime factors of 53240?
2, 5, 11
What are the prime factors of 328626?
2, 3, 18257
What are the prime factors of 2251385?
5, 450277
What are the prime factors of 9349078?
2, 29, 359, 449
What are the prime factors of 392501?
389, 1009
List the prime factors of 183900.
2, 3, 5, 613
What are the prime factors of 33045?
3, 5, 2203
What are the prime factors of 1147969?
1147969
What are the prime factors of 265786?
2, 132893
List the prime factors of 14432197.
13, 349, 3181
List the prime factors of 832195.
5, 7, 13, 31, 59
What are the prime factors of 125439?
3, 41813
List the prime factors of 1239760.
2, 5, 15497
List the prime factors of 1296161.
19, 68219
What are the prime factors of 1232267?
421, 2927
What are the prime factors of 351776?
2, 10993
List the prime factors of 43979164.
2, 10994791
List the prime factors of 686111.
29, 59, 401
List the prime factors of 7509141.
3, 239, 3491
What are the prime factors of 303861?
3, 101287
List the prime factors of 139724.
2, 13, 2687
List the prime factors of 1110324.
2, 3, 67, 1381
List the prime factors of 7555064.
2, 11, 85853
List the prime factors of 3844537.
3844537
List the prime factors of 219138.
2, 3, 36523
What are the prime factors of 225701?
7, 19, 1697
What are the prime factors of 7160743?
7160743
List the prime factors of 19460920.
2, 5, 17, 28619
List the prime factors of 26711195.
5, 7, 157, 4861
List the prime factors of 6478519.
6478519
List the prime factors of 26295085.
5, 1283, 4099
What are the prime factors of 7747091?
11, 704281
List the prime factors of 796073.
281, 2833
List the prime factors of 27877311.
3, 7, 11, 23, 53
List the prime factors of 218203.
113, 1931
List the prime factors of 284504.
2, 11, 53, 61
List the prime factors of 8619450.
2, 3, 5, 7, 8209
List the prime factors of 225404.
2, 37, 1523
List the prime factors of 90958.
2, 7, 73, 89
What are the prime factors of 10716?
2, 3, 19, 47
List the prime factors of 724227.
3, 7, 34487
What are the prime factors of 235585?
5, 7, 53, 127
List the prime factors of 676545.
3, 5, 23, 37, 53
List the prime factors of 13860621.
3, 97, 15877
List the prime factors of 1434269.
67, 21407
List the prime factors of 5518091.
23, 29, 8273
List the prime factors of 135111.
3, 29, 1553
What are the prime factors of 1812136?
2, 31, 7307
List the prime factors of 489761.
489761
What are the prime factors of 316592?
2, 47, 421
What are the prime factors of 1687994?
2, 7, 11, 97, 113
What are the prime factors of 6629813?
17, 389989
What are the prime factors of 11811?
3, 31, 127
List the prime factors of 4458775.
5, 178351
What are the prime factors of 4704179?
4704179
What are the prime factors of 120661?
120661
What are the prime factors of 780906?
2, 3, 7, 18593
List the prime factors of 104727.
3, 7, 4987
List the prime factors of 410696.
2, 11, 13, 359
List the prime factors of 23463.
3, 11, 79
List the prime factors of 6864537.
3, 431, 5309
List the prime factors of 2221796.
2, 79, 89
What are the prime factors of 155013?
3, 163, 317
List the prime factors of 243883.
47, 5189
List the prime factors of 3265437.
3, 7, 131, 1187
What are the prime factors of 2138311?
7, 17, 151
List the prime factors of 43064348.
2, 1523, 7069
What are the prime factors of 539977?
197, 2741
What are the prime factors of 23009336?
2, 7, 641
List the prime factors of 285987.
3, 13, 7333
List the prime factors of 308505.
3, 5, 131, 157
List the prime factors of 3265886.
2, 13, 59, 2129
What are the prime factors of 1445308?
2, 361327
What are the prime factors of 18336696?
2, 3, 7, 109147
What are the prime factors of 4317434?
2, 11, 196247
List the prime factors of 195378.
2, 3, 32563
What are the prime factors of 1033296?
2, 3, 11, 19, 103
What are the prime factors of 3138690?
2, 3, 5, 104623
What are the prime factors of 5770214?
2, 2885107
What are the prime factors of 605704?
2, 11, 6883
What are the prime factors of 1370273?
233, 5881
What are the prime factors of 432709?
29, 43, 347
List the prime factors of 90068.
2, 11, 23, 89
What are the prime factors of 795069?
3, 11, 2677
What are the prime factors of 202421?
71, 2851
List the prime factors of 7831298.
2, 167, 23447
List the prime factors of 298026.
2, 3, 5519
List the prime factors of 530092.
2, 132523
List the prime factors of 4026561.
3, 7, 11, 17431
What are the prime factors of 956839?
13, 89, 827
List the prime factors of 198783.
3, 13, 1699
What are the prime factors of 340176?
2, 3, 19, 373
What are the prime factors of 177998?
2, 61, 1459
List the prime factors of 1279986.
2, 3, 383, 557
What are the prime factors of 14664017?
3719, 3943
What are the prime factors of 260527?
260527
What are the prime factors of 135700?
2, 5, 23, 59
List the prime factors of 108448.
2, 3389
List the prime factors of 2374141.
7, 11, 2803
List the prime factors of 2568702.
2, 3, 127, 3371
What are the prime factors of 400779?
3, 44531
What are the prime factors of 27314615?
5, 5462923
List the prime factors of 464128.
2, 7, 37
List the prime factors of 471887.
13, 36299
List the prime factors of 600605.
5, 120121
What are the prime factors of 920588?
2, 19, 12113
What are the prime factors of 15457984?
2, 41, 43, 137
List the prime factors of 527143.
527143
What are the prime factors of 6816035?
5, 1363207
What are the prime factors of 5704806?
2, 3, 31, 30671
What are the prime factors of 72259?
11, 6569
What are the prime factors of 254982?
2, 3, 7, 13, 467
What are the prime factors of 92869?
7, 13267
What are the prime factors of 691602?
2, 3, 73, 1579
List the prime factors of 244501.
139, 1759
What are the prime factors of 405330?
2, 3, 5, 59, 229
What are the prime factors of 492816?
2, 3, 10267
List the prime factors of 19977588.
2, 3, 19, 29207
What are the prime factors of 2090115?
3, 5, 46447
List the prime factors of 2733939.
3, 13, 7789
List the prime factors of 36859.
29, 31, 41
What are the prime factors of 347730?
2, 3, 5, 67, 173
What are the prime factors of 2350077?
3, 783359
What are the prime factors of 817680?
2, 3, 5, 3407
What are the prime factors of 1695754?
2, 97, 8741
What are the prime factors of 160276?
2, 17, 2357
List the prime factors of 2696041.
277, 9733
List the prime factors of 3585392.
2, 331, 677
What are the prime factors of 57209?
19, 3011
What are the prime factors of 195888?
2, 3, 7, 11, 53
What are the prime factors of 7891857?
3, 29, 10079
What are the prime factors of 364662?
2, 3, 2251
What are the prime factors of 8302?
2, 7, 593
What are the prime factors of 20003515?
5, 7, 81647
List the prime factors of 783092.
2, 137, 1429
What are the prime factors of 208660?
2, 5, 10433
List the prime factors of 938039.
41, 137, 167
What are the prime factors of 76271?
13, 5867
What are the prime factors of 201875?
5, 17, 19
What are the prime factors of 835314?
2, 3, 23, 6053
What are the prime factors of 7809909?
3, 947, 2749
What are the prime factors of 378817?
378817
What are the prime factors of 205685?
5, 31, 1327
What are the prime factors of 788106?
2, 3, 11, 11941
What are the prime factors of 13537?
13537
What are the prime factors of 45